 -22 + 22?
-3
What is (11 - (-9 + 32)) + 0?
-12
-35 + (63 - 32) - -5
1
Calculate 13 - (1 + (25 - 17) + (-1 - 15)).
20
6 + -2 + (2 - -4) + 2
12
Calculate -8 + 17 - -9 - 1.
17
What is the value of 11 - (7 - (-11 + 9 - 1))?
1
Evaluate 0 + -1 + (-2 - -5) - (20 - 8).
-10
Calculate 5 - (1 - -10) - (7 - 0).
-13
Evaluate 2 - (0 - -7 - 14).
9
What is -21 + 13 - -8 - (-3 - -17)?
-14
What is -5 - (-9 - (-5 - 6)) - (-27 + -4)?
24
What is 0 + (13 - -5 - (7 - -3))?
8
-5 + 4 + 4 + -5 + (-7 - 2)
-11
Calculate (32 + -51 - 10) + 42.
13
Evaluate 2 + (1 - 3) - (-13 + 21 - 0).
-8
-36 + 11 + -9 + -7 + (0 - -7)
-34
What is (125 - 76) + (-11 - 15)?
23
-3 - ((-4 - (7 - 5)) + 5 - -3)
-5
Calculate -51 + 70 + 1 + -42.
-22
Evaluate 5 + (14 - (16 + -8 + 0)).
11
What is -6 + -9 + 2 + -27 + 58?
18
Calculate -1 - (5 + -3) - -2.
-1
Evaluate (0 - 0) + 4 + (-3 - -12 - 20).
-7
Calculate (15 - ((3 - -15) + -13)) + -18.
-8
Evaluate -5 - ((-12 - -10) + (-4 - -3 - -7)).
-9
Calculate -13 + 1 - (-44 + 31).
1
0 + (-6 - -3) + (0 - 4) + 20
13
Calculate (-7 - -1 - -9) + 8.
11
What is 24 + (0 - 3) - (-30 - -34)?
17
What is 15 + -15 - (5 - -1) - 1?
-7
Calculate (5 - 26) + 28 - (-2 - (-2 - 15)).
-8
What is the value of 1078 - 1030 - (22 + -1)?
27
Evaluate 21 + (-31 - 4) - 9.
-23
Calculate 30 + (16 - 34) - -7.
19
Calculate 4 - (10 + 11 + -26 + 7).
2
Calculate (19 - -16) + -25 + (0 - 3) - 9.
-2
What is 392 + -381 + (-2 - 6)?
3
What is the value of -2 - (1 + 2 + -3 + (108 - 114))?
4
(30 - 13) + -12 + (2 - 0 - -1)
8
What is 1 + 0 + 6 + -5 + -1?
1
-13 + (1 - 2) - (14 - 0 - 17)
-11
Calculate 14 - (0 - -2) - (-172 + 195).
-11
24 - (65 - 10) - (-4 + -3)
-24
What is 3 + 8 + -6 + 10 + -6 + -4?
5
Evaluate -9 + 2 + (11 - 1).
3
What is 1 + -14 + 5 - -2?
-6
Evaluate -1 + 0 + (8 - 10) - (-5 - -22).
-20
What is (4 + -6 - 8) + (-102 - -123)?
11
What is the value of (7 - 12) + -9 - (-11 + -3)?
0
What is the value of -6 + -20 + -3 - (0 + -3 + -2)?
-24
Calculate (-1 - -5) + -1 - (3 - (10 + -3)).
7
What is 0 + 3 + (523 - 549 - (1 + 0))?
-24
Evaluate -6 + (15 - (5 - 12)).
16
What is 5 - (8 - 14) - 4?
7
7 + -2 - (-14 + -1 - 0)
20
What is the value of (-22 + 31 - (2 + 10)) + (-4 - -2)?
-5
Calculate 50 + 13 + (-33 - 0) + 3.
33
What is 24 - 9 - 15 - 1?
-1
Evaluate (2 - -5) + (-2 + 0 - -5) + -7.
3
Evaluate 24 - (42 + -23) - 23.
-18
-11 + (7 + 2 - 5) + (22 - 3)
12
Evaluate 49 + (31 - 44) + -1.
35
44 + (24 - 8) + -47
13
What is the value of 8 + 15 + (-46 - -13)?
-10
Calculate -10 - (2 - 2) - (-348 - -339).
-1
-1 + (-6 - -12 - -12)
17
Evaluate 15 + -9 + 7 + 12.
25
14 + (6 - -1) + -9
12
Evaluate (-1 - (3 + -3)) + (1 - (-3 + 0)).
3
Evaluate 9 + -1 + (-11 - (-34 + 16)) - 1.
14
Calculate (29 - 37) + 16 + -1 - 13 - 8.
-14
Evaluate -12 + -8 + -6 + 2 + 8.
-16
13 + -15 + 0 + 2
0
Calculate -36 + 31 - (5 + 0) - 1.
-11
Calculate 37 + -7 + -40 + (-3 - (1 + 1)).
-15
What is the value of -19 - -5 - (153 + -185)?
18
What is 50 - 36 - (1 - 0) - 17?
-4
What is the value of -25 - ((-13 - -9) + 6 - 15 - -8)?
-20
What is (18 + (-20 - -9) - 29) + (0 - -2)?
-20
What is 49 + -64 + 11 + (-3 - 0)?
-7
Evaluate (2 - (50 + -66)) + 0 + -10.
8
Evaluate -6 - 1 - (-170 + 162).
1
-23 + 0 - (-52 - -30)
-1
Evaluate -2 + -6 + (-180 + 170 - (1 - 6)).
-13
Calculate (-2 - (-1 - 1)) + (32 - 33).
-1
9 - (-14 + 25 + -14)
12
What is the value of 11 + (-13 - ((-9 - -23) + -16))?
0
What is the value of (-10 - ((-26 - -7) + 4)) + -5?
0
Evaluate 7 - (-12 - (15 + -38)).
-4
What is the value of -2089 + 2049 - (-1 + -21)?
-18
Calculate 10 + -5 + 4 - (0 + (1 - -5)).
3
Evaluate -18 + -19 + (3 - -1) + (67 - 68).
-34
Calculate -6 - ((-8 - -4) + 3 - 2).
-3
Evaluate 0 - 6 - (-44 - -10 - -69).
-41
Calculate 3 + -6 + -3 - -3 - (1 - -5).
-9
Calculate (0 - 13) + 16 + (1 - 10 - -2).
-4
What is -1 - -9 - 16 - -22?
14
Evaluate (-14 - (3 + -7)) + 17 + 10.
17
What is 5 + (6 - 17) + 6 - (-30 - -27)?
3
-4 - (2 + (-3 - 7))
4
What is (0 + (2 - 5) - (-12 + 1)) + -12?
-4
Evaluate (5 - (-4 + -4 - (7 - 14))) + 7.
13
What is -6 - (1 + -3) - (-2 - (37 + -45))?
-10
(-79 - -82) + -2 + 0 + -1
0
Calculate -196 - -230 - (-1 - -49).
-14
Evaluate 2 - (4 + 4) - 0.
-6
14 + (-25 - -12) + 21
22
Evaluate 712 + -691 + -2 + -2 + 2 + -1.
18
What is the value of 1 + 1 + (-20 - -28)?
10
Calculate (-2054 - -2036) + (-2 - -1) + 1.
-18
Calculate 4 + -7 + -2 - ((-19 - -9) + 6).
-1
Calculate -38 + -5 + 66 - 17.
6
(-3 - 6 - (-14 - -10)) + -1 + -16
-22
What is the value of 19 - ((-6 - 3) + (14 - 8) - -11)?
11
Calculate -7 + (4 - (-11 - (-34 - (3 + -10)))).
-19
Evaluate -1 + (-22 + -2 - -20).
-5
What is the value of 8 + -22 + (4 - -1)?
-9
10 - (38 - 32 - (-3 + 3))
4
Calculate (-15 + 22 - (6 + -1)) + -5.
-3
What is 7643 + -7650 - (10 + (0 - 2 - -2))?
-17
5 - (-14 + (-6 - -10))
15
Evaluate 20 + -4 + -15 + -1 + 0 + -8.
-8
(22 - 16) + (-11 - (3 + -15))
7
(-6 - (3 + -10)) + 8
9
What is the value of -5 + (1 - -7) + -14?
-11
What is -7 - (27 - 12 - 30)?
8
What is (3 - (8 - -8 - 30)) + 0?
17
What is 11 - ((-3 + 16 - -9) + -3)?
-8
36 - ((18 - 60) + 81)
-3
Evaluate (-23 - (-44 + 22)) + (1 - 23) + 2.
-21
Calculate -14 - (-9 - (-2 + 4)).
-3
(1 + -2 - 13) + (-43 - -12 - -29)
-16
What is -6 - (-3 + -2 + 6)?
-7
3 + (4 - -15 - 9 - (5 + 10))
-2
What is the value of 14 + (0 - 4) + (-13 + -20 - -12)?
-11
Calculate (-1 + 16 - 13) + -12 + 5.
-5
Evaluate -5 + (7 - 1) - 5 - -10 - 12.
-6
Calculate -7 + -4 + (13 - 5) + (-3 - 4).
-10
What is the value of -6 + 4 + -3 + -5 + 0?
-10
Evaluate 1 - -1 - -3 - (15 + (0 - 5)).
-5
5 + -24 + 6 + 14 + (-6 - -2)
-3
What is 16 + -21 + 19 - 4?
10
-12 + 2 - (65 + -79)
4
6 + -13 + -3 + (-1 + 0 - 13)
-24
What is (1 + 10 - 10) + -14 - -14?
1
Calculate 1 + (12 - 6 - (-5 + 0 + 5)).
7
Calculate 14 - (-3 - (-12 - -4)) - 9.
0
Evaluate (-13 - -41) + 4 + -40.
-8
Evaluate (11 - 17) + (15 - 8) + 0 + 0.
1
Calculate 7 - ((-11 - (3 - 1)) + -19 + 25).
14
What is 25 + -20 - ((-3 - 3) + 3 - -5)?
3
Calculate -3 + -21 + -8 + (21 - 6) - -3.
-14
(11 - 3) + (51 - 11) + -78
-30
Evaluate (0 - -1) + -3 - (-2063 - -2050).
11
Evaluate 11 + 1 + -3 + -21 + 25.
13
What is 13 + -28 - (-13 + 9)?
-11
Calculate -41 + 17 + -13 + 23.
-14
What is 1 - -53 - (-66 - -94)?
26
Evaluate 1 - (1 + (8 - 11) + -1 + -1).
5
Calculate -44 + 14 + 7 + 16.
-7
-9 + 10 + (-6 - 11)
-16
Evaluate 4 + 12 + -4 + -7.
5
Evaluate 6 + -44 - -12 - -39.
13
What is the value of -19 - -10 - (68 - 71)?
-6
-4 - (-13 + 14 + 0 - 29)
24
What is (8 - -3) + -7 + (2 - -8)?
14
Evaluate 11 + 0 + -2 - 1 - (20 + 2).
-14
Evaluate 12 + 9 + -6 + (-4 - -15).
26
-9 + 8 + -18 + 4 + 10
-5
What is 13 + -14 + (-17 - -7 - -20)?
9
What is the value of (11 - -1) + -12 + 12 - 1?
11
What is the value of 69 + (43 - 71 - 3)?
38
What is 3 - -3 - 18 - (-7 - -5 - 2)?
-8
Evaluate 2 + -26 + 11 - 1.
-14
Evaluate 16 - (2 + -8 + 14 + -3).
11
What is -7 - (-25 + (4 - (-6 + 3)))?
11
What is the value of -3 + -4 + 1 + -2 + 1?
-7
Calculate (7 - 15 - -3 - 2) + (3 - 7).
-11
What is 0 + -2 - -6 - 4 - 9?
-9
Calculate 1 + 4 - (7 - (-10 + 1 - -22)).
11
Evaluate -28 + 53 - (-13 - -24).
14
What is the value of (24 - (0 - -17)) + (-1 - 10)?
-4
Evaluate -10 - (4 + -12 - -12) - (24 - 29).
-9
What is 12 + -2 + -2 - -1?
9
What is the value of 1 - (-4 + (-17 - -36 - 3))?
-11
Calculate -31 + 28 + (0 - 6) - -7.
-2
What is (4 - ((-3 - -10) + -4 - -4)) + 9?
6
What is the value of -1 + -1 + (-18 - (-6 + -33)) + -4?
15
What is the value of 3 - (6 + -20 + 5 + 38 + -6)?
-20
Calculate (-23 - -22) + (0 + 1 - 2).
-2
(10 - 31) + -27 + 18
-30
Calculate -1 - 17 - (-68 - -53).
-3
Evaluate (0 - 1) + 284 + -268 + -27.
-12
Calculate 7 - 27 - (-44 + 12).
12
Calculate -1 + -4 + (-1 - (-7 - -1) - 11).
-11
What is the value of -1 - (7 - 0) - (2 - -4)?
-14
Evaluate (-32 - -49) + -33 - (0 + 8).
-24
Evaluate -9 + (29 - 61 - -29 - (1 + -14)).
1
Evaluate (9 - -1) + (-109 - (-201 - -100)).
2
Evaluate -5 - 1 - -12 - (-15 - 4 - 10).
35
Evaluate 24 + -53 + (1 - (-4 - 4)).
-20
Calculate 3 + 43 + -22 - 11.
13
What is -20 - -21 - (0 - 10) - (2 - 2)?
11
11 + (-8 - (3 + -13)) + (-4 - -2)
11
(25 - 6 - 24 - (-10 - 0)) + -30
-25
What is the value of -6 + -2 + (10 - 11) + -14?
-23
Calculate (4 - 9) + -1 + 8 + -5.
-3
What is 11 + -1 - (-9 + -35 + 43)?
11
What is 11 + (-2 - 1) - (-82 - -79)?
11
Evaluate 1 - ((16 - 7 - 30) + 6).
16
What is -2 + 1 + -3 + -8 + 11 + -7?
-